c - 30, 0 = -i - 5*c - 17. What is the units digit of (-2 - (-236)/i)*4?
0
Suppose -4*w + 473 + 697 = i, -4*i + 4*w + 4720 = 0. Suppose -5*f + 1397 = -i. What is the units digit of f?
5
Let i(n) = 499*n - 1904. What is the thousands digit of i(45)?
0
Let t = -26 - -84. Let z = 55 - t. What is the units digit of 2/((-5 - -3)*z/141)?
7
Suppose -4*j - 16464 = -4*d, j - 2 + 5 = 0. Let g = 5798 - d. What is the tens digit of g?
8
Let p(g) = -g**3 + 44*g**2 - 11*g - 289. What is the tens digit of p(40)?
7
Let m(w) = 29*w**2 + 14*w + 67. What is the tens digit of m(-18)?
1
Let n(l) = 59*l**2 + 6*l - 10. Let d be n(5). Let x = -679 + d. What is the hundreds digit of x?
8
Let x(q) = 554*q**2 + 77*q - 403. What is the tens digit of x(5)?
3
Let i = -151 + 198. Suppose -i*j + 360 = -11*j. What is the tens digit of j?
1
Let g(x) = x**3 + 2*x**2 + x + 2. Let s be g(11). Let l be s/12 - (-30)/(-180). Suppose -2*n + 432 = -4*k + l, 305 = 2*n - 3*k. What is the tens digit of n?
6
Let m(n) = 4 - 16*n - 2*n**2 + 4*n**2 - 3*n**2. Let f(k) = k**2 - 15*k - 138. Let p be f(21). What is the units digit of m(p)?
2
Let a(u) = 8*u**2 + 109*u + 167. What is the hundreds digit of a(-34)?
7
Let r(m) = -2*m**2 + 12*m + 16. Let q be r(9). Let w = q - -437. What is the units digit of w?
9
Suppose -3*q - 16*q = -133. What is the units digit of 126 - 0 - (-11 + q)?
0
Suppose 0 = -g - j + 93, 3*g + j - 4*j = 267. Let i = -90 + g. What is the hundreds digit of 1592/9 + ((-30)/(-27) - i)?
1
Let p = -9 + -31. Let s be p*(-2)/12 - (-2)/6. What is the units digit of s/((-21)/9) + 67?
4
Suppose 3*k + 40013 = 8*c, 4*k + 25008 = 5*c + 2*k. What is the thousands digit of c?
5
Let j = -17520 + 29676. What is the units digit of j?
6
Let d(k) = -141*k - 192*k - 318 + 319 + 102*k. What is the units digit of d(-1)?
2
What is the hundreds digit of (0 - 20/(-7))/((-1)/((-721)/2))?
0
Let q(f) = -f + 25. Let m be q(21). Suppose -3*o = -m*o + 665. What is the hundreds digit of o?
6
Let z(t) be the first derivative of t**3/3 + 17*t**2/2 + 91*t + 50. What is the units digit of z(-29)?
9
Let a be (-68)/5*(2 - -3). Let b be 126/4*(a/3 - -4). What is the units digit of b/15*(44/(-8) - -3)?
8
Let p = -198 - -206. Suppose 5*j - 2100 = 3*y - p*y, 852 = 2*y - j. What is the tens digit of y?
2
Suppose 9*p = 60444 + 7443. What is the tens digit of p?
4
Suppose 9*o + 0*o - 135 = 0. Suppose 4638 = o*q - 2442. Suppose 0 = -4*p + 4*h + q, 0*p - 4*p + 5*h = -477. What is the units digit of p?
3
Suppose -61*n + 9594768 = 108*n + 19*n. What is the ten thousands digit of n?
5
Let n be (1 - -2)/((-34)/(-68)) + 5. Suppose -5181 = n*i - 22*i. What is the tens digit of i?
7
Let i = 1800 - -2120. What is the thousands digit of i?
3
Suppose -94 = 4*j - 0*j - 2*r, -26 = j - r. Let b be (j/4)/((-48)/640). Suppose b + 52 = t. What is the units digit of t?
2
Let n(m) = -m + 12. Let b be n(9). Suppose -l - 931 = -b*q + 3*l, -2*q + 614 = 4*l. Let w = q + -103. What is the hundreds digit of w?
2
Suppose -36*h + 2*p = -40*h + 364, -5*h + 470 = -5*p. Suppose 2500 = 6*c - h. What is the hundreds digit of c?
4
Let x(q) = 5*q**2 + 1. Let w be x(-1). Let n(a) = -a**3 + 30*a**2 - 27*a - 55. Let b be n(29). Suppose b*v + w = 45. What is the tens digit of v?
1
Let x be 15405*1*(3 - (-16)/(-6)). Suppose 3*q = 4*m - x, 2*m = 2*q - 131 + 2701. What is the thousands digit of m?
1
Suppose -27*l = 21*l - 55*l + 37562. What is the hundreds digit of l?
3
Suppose 4*n + 3*a = -27, 5*a = 3*n - 6*n - 34. What is the tens digit of (-1)/(-3) + (-281)/n?
9
Let n be -1 - -3 - (8/(-4) + -2). Suppose 3*m - n*v = -2*v + 24, -8 = -m + 2*v. Suppose -2 = -3*z - m, 898 = 4*i - 5*z. What is the hundreds digit of i?
2
Let r(w) = 248*w**3 + 5*w + 6. Let m be r(-1). Let q = 351 + m. What is the tens digit of q?
0
Let b = -2242 - -7947. What is the tens digit of b?
0
Suppose -72 = 5*s + 38. Let d be (4/3)/(s/924). Let x = d + 91. What is the tens digit of x?
3
Suppose -p + 28 = 3*o, 4*p + 13 = 3*o - 25. Let x(v) = v**2 - 12*v + 20. Let y be x(o). What is the units digit of y - (-5)/((-10)/(-254))?
7
Let q be 2/1 + 49/(-7) + 5. Suppose 2*j - 4*i - 56 = q, 0 = -8*j + 3*j + 2*i + 148. What is the tens digit of j?
3
Let i = -234 + 352. Suppose r + p = 116, 2*r - 2*p = 3*r - i. What is the tens digit of r?
1
Suppose 152*b - 1584094 - 104018 = 0. What is the thousands digit of b?
1
Let x = -4160 + 7238. Suppose -4*n + 459 + 293 = k, 4*k - x = -2*n. What is the units digit of k?
2
Let t = -3060 + 61488. What is the ten thousands digit of t?
5
Let v be ((-3)/((-12)/16))/((-1)/(-271)). Suppose 5*z - 84 = -v. Let x = -93 - z. What is the hundreds digit of x?
1
Let f(o) = 78*o**2 - 11*o + 43. What is the tens digit of f(-4)?
3
What is the units digit of (291 - -19)/(-7*(-10)/6685)?
5
Let v(z) be the second derivative of 11*z**3/3 + 24*z**2 + 3*z - 1. What is the units digit of v(9)?
6
Suppose -34*s = k - 38*s - 6581, -s = k - 6581. What is the hundreds digit of k?
5
Let x(m) = 17*m**2 - 7*m - 4. Let i be x(-2). Let t = 106 + i. Suppose t = -d + 2*d. What is the units digit of d?
4
Suppose -5*m + 135891 = -3*n, 6*n - 4*n = 16. What is the units digit of m?
3
What is the thousands digit of 2/8 + 956396/168*(-9)/(-2)?
5
Let o = 16054 - 75585. What is the hundreds digit of -3*2/3*o/118?
0
Suppose -10086 = 13*k - 15*k - 5*j, 0 = -2*k + 4*j + 10068. What is the thousands digit of k?
5
Suppose 0 = 157*m + 148*m - 227*m - 160524. What is the tens digit of m?
5
Let t(k) be the third derivative of -7*k**4/8 + 49*k**3/6 + 35*k**2. Let u be t(-7). Let l = u - 140. What is the units digit of l?
6
Suppose 123*l = -140*l + 1824711 + 4915453. What is the units digit of l?
8
Suppose 398 = -12*r - 178. Let m = 48 + r. Suppose m = 4*s - 541 + 73. What is the tens digit of s?
1
Let w = 10479 + -7476. Suppose -10*q = q - w. What is the hundreds digit of q?
2
Suppose 5*l - 71305 = 3*g, -4*l = 2*g - 52138 - 4928. What is the units digit of l?
4
Suppose 3*p - 210618 = -15*w, -9*w - 28064 = -11*w - 5*p. What is the ten thousands digit of w?
1
Suppose -2*m + 12 = 3*k, -2*k - m + 4*m + 21 = 0. Let s(y) = 2*y**2 - 6*y - 19. Let i be s(k). Let j(l) = 14*l - 16. What is the tens digit of j(i)?
2
Suppose 2*f = -63*t + 61*t + 14, -33 = -3*f + t. Suppose -f*h + 7157 + 3983 = 0. What is the tens digit of h?
1
Let m = -89 + -90. Let d(g) = 30*g + 32. Let t be d(-2). Let j = t - m. What is the tens digit of j?
5
Suppose 626*o = 643*o - 82110. What is the thousands digit of o?
4
Let u(b) = b**3 - 51*b**2 + 27*b - 691. What is the thousands digit of u(52)?
3
Let g = -156 - -63. Let c = g - -281. Let a = -128 + c. What is the tens digit of a?
6
Suppose -23*v - 8*v + 17236 = 0. What is the tens digit of 12*(-4)/(-16) - v*-1?
5
Suppose 650*o - 8632134 = 503*o. What is the hundreds digit of o?
7
Let x(z) = -4*z - 19. Let y be x(9). Let h = y + 106. What is the tens digit of h?
5
Let y(g) = 49*g - 4. Let x be y(1). Let q be (1 + -7)*x/(-2). Let k = -84 + q. What is the tens digit of k?
5
Let o = 29 + -5. Let a be (-8)/o - 14/(-6). Suppose h - 30 = -t, -4*h + 126 = 4*t - a*t. What is the units digit of h?
3
Let z(i) = -i**2 - 3*i + 4412. Let s be z(0). What is the hundreds digit of s/64*2 + (-7)/(-56)?
1
Suppose -147*j + 10464 = -143*j. What is the units digit of j?
6
Let d(j) = -j**2 + 29*j. Let x be d(29). Suppose x = -2*n + y + 388, 2*n + y = 348 + 36. What is the hundreds digit of n?
1
Suppose 16*v = 35*v - 14326. Let q = v + -252. What is the units digit of q?
2
Let m(j) = 137*j + 44. Suppose 3*u - 18 = 2*y, 9*u - 4*u = -y + 17. What is the units digit of m(u)?
2
Suppose -936*j + 947*j - 198 = 0. What is the thousands digit of 1029/12*(j + 2)?
1
Suppose -510*r + 63 = -517*r. What is the hundreds digit of 1/(-7) + (r - 75294/(-63))?
1
Let c(v) = -4*v - 26. Let w be c(-12). Let d = 23 - w. What is the tens digit of (10/(-4) + d)/(279/(-26970))?
4
Suppose -2*h = -30 + 38. Let l be h/10*(4 - 19). Suppose l*v - 758 - 730 = 0. What is the hundreds digit of v?
2
Let d be ((-480)/4 - 0/(-4)) + -5. What is the tens digit of (-2)/((-10)/837) - (-50)/d?
6
Let y(i) = -i**3 + 18*i**2 - 38*i + 16. Let n be y(15). Suppose 5*k = -4*w + 4091, 136 = -3*k + n. What is the tens digit of w?
2
Let n(d) = -d**3 - 29*d**2 + 43*d + 1